70784)/240?
2, 593
Let b(i) = 6 + 2 + 2*i**2 + 0*i**2 + 7*i**2 - 36*i. Let h be b(7). What are the prime factors of -1 + h/1 + (-25 - -23)?
2, 97
Suppose -4*q + 403416 = -2*x + 55538, 0 = 4*q - 8*x - 347932. What are the prime factors of q?
5, 17393
Let m = 37 + -68. Let y = -50 - m. Let q = y + 21. List the prime factors of q.
2
Suppose -5*b - 5 + 30 = 3*g, 5*g = 4*b - 20. Suppose 7*f - 216 - 6672 = g. What are the prime factors of f?
2, 3, 41
Let y(f) = 5*f**2 + 8*f - 2. Let x be y(-2). List the prime factors of 11/22 - (-127)/x.
2
Suppose -105 = -168*s + 169*s. Let k = s + 266. List the prime factors of k.
7, 23
What are the prime factors of (-2)/(-9) + 2*6286113/486?
3, 8623
Let y(q) = 2*q**2 + 6*q. Let d be y(-3). Suppose 5*b + 908 = -10*a + 13*a, -5*a - b + 1560 = d. List the prime factors of a.
311
Suppose 0 = 2*t - m - 7468, -t + 5358 - 1624 = 2*m. What are the prime factors of t?
2, 1867
Let t be ((-2)/(-10) - -1)*140/14. Suppose 13*z - 4 = t*z. What are the prime factors of z?
2
Let i(l) = 13*l - 159*l**3 + 78*l**3 + 79*l**3 + 4. What are the prime factors of i(-5)?
3, 7
Let d be (60 - 1)/(6/18). Let x = -166 + d. List the prime factors of x.
11
Suppose 273 = -2*o + 15. Let p(g) = -2*g**3 - 3*g**2 + g + 3. Let d be p(3). Let m = d - o. What are the prime factors of m?
2, 3
Let z = -122 + 140. Suppose -z*t = -21*t + 996. List the prime factors of t.
2, 83
Let t be 13 - 16 - (-162)/2. Let y = t - 74. Suppose y*q = 9*q - 540. List the prime factors of q.
2, 3
Let j be -1*((-5)/4 - (20 - 20))*4. Let n = 27 + 191. Suppose 2*d + j = -3*l + 182, 3*d - n = 5*l. What are the prime factors of d?
3
Let c(m) = 2*m**3 + 93*m**2 + 87*m + 180. What are the prime factors of c(-29)?
2, 13, 521
Suppose 23*g - 44*g + 2724 = -17*g. List the prime factors of g.
3, 227
Suppose 3356 - 116 = 3*z. Let p be 6/((-3)/(-27)*3). Suppose -p*s + 12*s + z = 0. What are the prime factors of s?
2, 3, 5
Suppose 37*d - 1308505 = -20*d + 2*d. List the prime factors of d.
37, 643
Suppose -473 = 5*k + 937. Let z = -260 - k. List the prime factors of z.
2, 11
Let a be (-60)/18*(-6)/(-2). Let p(o) = 3*o + 33. Let v be p(a). Suppose -300 = -5*h - 2*y, -v*y + 253 = 4*h - 4*y. List the prime factors of h.
2, 31
Let f = 114 + -101. Let l(j) = 3*j - 10*j - j**3 + 5 + 14*j**2 + 0*j. List the prime factors of l(f).
83
Suppose 41*n = 43*n - 10. Suppose -n*g = m - 1172, 5 = -2*g + m + 478. List the prime factors of g.
5, 47
Suppose 5 - 1 = 4*m. Suppose 0 = -53*g + 44*g. Suppose 5*x = -4*t + 2*t + 237, g = t - m. List the prime factors of x.
47
Let o be 10/45 + 76/(-18). Let m be ((-3)/o)/(1/(-4)). What are the prime factors of 8/m*168/(-14)?
2
Let i(h) = 3*h**2 + 32*h + 213. What are the prime factors of i(38)?
7, 823
Suppose 3*c + 296 = -5*a, 54 = -a + 2*c - 0*c. Let o = 64 + a. List the prime factors of 2/14 - (132/(-7) - o).
5
Suppose c = 1 + 231. Let i = c + -111. Suppose -10*o = -i - 749. List the prime factors of o.
3, 29
Let s = 2372 - 5128. List the prime factors of 26/65 - s/10.
2, 3, 23
Let o = -24 + 53. Let n(i) = -i**3 + 29*i**2 + 10*i - 3. What are the prime factors of n(o)?
7, 41
Let p = -3102 + 1830. Let x = 2178 + p. List the prime factors of x.
2, 3, 151
Let u = 263 + -266. What are the prime factors of (0 + 332)*(u + (-35)/(-10))?
2, 83
Suppose -149*p + 929755 = -400019 - 293283. What are the prime factors of p?
3, 3631
Let g = 181 + -198. Let b = g + 72. List the prime factors of b.
5, 11
Let j(o) = -190*o**3 + 49*o**2 - 4. What are the prime factors of j(-3)?
19, 293
Suppose 3*m - 5*u = 6, -3*u = 5*m - 10 - 0. Let f = -481 - -499. Suppose -f + 8 = -m*w, 167 = x - 2*w. What are the prime factors of x?
3, 59
Let d(i) = i**2 - 5. Let c be d(-3). Let v be (2/c)/(11/22). Suppose 104 = l + v. What are the prime factors of l?
103
List the prime factors of 4512/(39/(-12) + 4).
2, 47
Let r(d) = -101*d - 6. Suppose 22 = -7*o - 13. Let q be r(o). Suppose -q = -5*y + 541. What are the prime factors of y?
2, 13
Let h(z) = -932*z + 3241. What are the prime factors of h(-40)?
3, 13, 1039
Let j = -393 - -387. Let x(l) = 16*l + 104. List the prime factors of x(j).
2
Let o = -1657 + 1657. Suppose 4*r + 0*r = 5788. Suppose o = 9*d - r + 466. List the prime factors of d.
109
Let g(p) = p**2 + 2*p - 47. Let r be g(6). What are the prime factors of (-439)/(-3*r/3)?
439
Let q(r) = -8*r + 26. Let b(n) = 7*n + 42. Let x be b(-6). Let l be q(x). List the prime factors of 7/((-7)/l)*-3.
2, 3, 13
Let j(n) = -1196*n**3 - 6*n**2 - 4*n - 2. Let v be (3/12)/(1/(-4)). List the prime factors of j(v).
2, 149
Suppose 0 = 4*s + 58 + 14. Let z(o) = -36 - o**2 - 24*o + 69 - 35. What are the prime factors of z(s)?
2, 53
Suppose 0 = -8*n - 62 + 158. Suppose n*t - 1994 = 3562. List the prime factors of t.
463
Suppose 3*d = -d + 2*s - 4, 0 = -3*d + 3*s - 6. Suppose d = -13*v + 8*v - 20. What are the prime factors of 1 + (v - 0) + 45?
2, 3, 7
Let g(r) = r**3 + 2*r**2 - 3*r - 4. Let p be g(-3). Let a(i) = 170*i - 12. Let w be a(-6). What are the prime factors of (w/10)/p + (-3)/(-15)?
2, 13
Let o = 333 - 329. Let i(f) = 6*f**3 + 13*f**2 - 7*f + 5. What are the prime factors of i(o)?
569
Let b = -29215 - -54813. List the prime factors of b.
2, 12799
Let p(n) = -2*n**3 + 154*n**2 + 145*n - 123. List the prime factors of p(76).
3, 7, 1069
Let q be 8/20 + (-9)/(360/(-244144)). Suppose q = 4*h + 60*i - 61*i, 0 = 3*h - 5*i - 4578. List the prime factors of h.
2, 7, 109
Suppose b = -4*z + 9 - 2, -4*z = 5*b + 13. List the prime factors of (-542)/(-4) + (-8)/16*z.
2, 67
Let h be (-3)/(13/(-16) - -1). Let g = h + 34. Let n = g - 6. What are the prime factors of n?
2, 3
Let t(c) = c**2 + 7*c - 120. Let h be t(0). Let w be 3/(-2)*(h/(-9) + 2). Let o = w - -289. What are the prime factors of o?
2, 7, 19
Let s(r) = -r**3 + 12*r**2 + 2*r - 21. Let u be s(12). Let a = -46 - -31. List the prime factors of u/9 + (-1285)/a.
2, 43
Let p be (-542)/10 - (-2)/10. Let c = p + 68. Let x(w) = 4*w + 24. List the prime factors of x(c).
2, 5
Suppose 2*l + 2 = -6. Let u(a) = 4*a**2 + 109*a - 20. Let x be u(-27). Let v = l - x. What are the prime factors of v?
43
Let b = 26 + -30. Let v be b/(-24) - (-1135)/30. Suppose 0 = -15*u + 7 + v. List the prime factors of u.
3
Let c(g) = 12*g**2 - 7*g - 17. Let n(q) = -25*q**2 + 14*q + 34. Let w(j) = 13*c(j) + 6*n(j). Let d be 3 - (-210)/(-25) - (-2)/5. List the prime factors of w(d).
2, 3, 7
Let j = 326 - 314. What are the prime factors of ((-164)/10 + j)/(1/(-65))?
2, 11, 13
Let i(n) = -374*n + 1004. What are the prime factors of i(-15)?
2, 3307
Suppose u - 97 = r, 2*r = 12 - 8. Let z = 291 - u. Suppose z + 312 = 3*x. List the prime factors of x.
2, 3, 7
Let u be 1*(-5)/20*0. Suppose -p - 6*p + 28 = u. What are the prime factors of ((-56)/12)/(p/(-6))?
7
Let l(u) = 25*u**2 - 11*u + 31. Let p(z) = 11*z + 58. Let d be p(-5). List the prime factors of l(d).
223
Let u = -84 - -158. Let g = -70 + u. Suppose -g*r = -4*x + 400, 85 = 3*x - 2*x + 4*r. List the prime factors of x.
97
Suppose -12*v = -2808 - 45576. What are the prime factors of v?
2, 3, 7
Let m(c) = -c**3 - 12*c**2 - 23*c - 48. Suppose -61 - 16 = 7*z. List the prime factors of m(z).
2, 3, 7
Let t(l) = l**2 - 11*l + 25. Let i be t(9). Let o(r) = -43*r + 21*r + 18*r + r**3 - i + 9*r**2. What are the prime factors of o(-8)?
89
Let q = -48 + 52. List the prime factors of (-479)/(-1) - (6 + q + -8).
3, 53
What are the prime factors of (390 - -8)*12/(-32)*-164?
3, 41, 199
Let v(y) = -1282*y + 131. List the prime factors of v(-2).
5, 7, 11
Suppose 86*c - 516152 - 774622 = 0. What are the prime factors of c?
3, 5003
Let q(m) = m**2 + 11*m - 14. Let a be q(-13). Let p be ((-6)/4)/3*a. Let w(c) = c**3 + 9*c**2 + 11*c + 6. List the prime factors of w(p).
2, 3
Let d(m) = 18*m**2 - 918*m + 26. What are the prime factors of d(51)?
2, 13
Suppose 748*h = 741*h + 22289 + 46318. What are the prime factors of h?
3, 11
Let n be 540/126 - 4/14. Let b be ((-1936)/(-33))/(n/18). Suppose -3*u = -5*y + u + 244, 5*y - b = -u. What are the prime factors of y?
2, 13
Let b(j) = j**3 + 3*j**2 - 17*j - 4. Let l(v) = v**3 + 4*v**2 - 17*v - 4. Let u(s) = 2*b(s) - 3*l(s). What are the prime factors of u(-10)?
2, 3, 13
Let w be (0 + 5)*(-6)/60*-42. Suppose -w*i = -1022